{"id":992,"date":"2015-06-08T09:53:46","date_gmt":"2015-06-08T09:53:46","guid":{"rendered":"http:\/\/www.moncisa.com\/?page_id=992"},"modified":"2025-02-26T14:20:43","modified_gmt":"2025-02-26T14:20:43","slug":"ofertas-empleo","status":"publish","type":"page","link":"https:\/\/www.moncisa.com\/en\/ofertas-empleo\/","title":{"rendered":"\u00bfQuieres trabajar con nosotros? &#8211; Ofertas de empleo"},"content":{"rendered":"<h3>OFERTAS DE EMPLEO ACTUALES<\/h3>\n<div class=\"su-row\"><div class=\"su-column su-column-size-3-4\"><div class=\"su-column-inner su-u-clearfix su-u-trim\">En este momento tenemos abiertas las siguientes ofertas de empleo:<\/p>\n<ul class=\"su-subpages\"><li class=\"page_item page-item-2118\"><a href=\"https:\/\/www.moncisa.com\/en\/ofertas-empleo\/oferta-de-empleo-ingeniero-oficina-tecnica-junior\/\">Oferta de Empleo &#8211; Ingeniero Oficina T\u00e9cnica Junior<\/a><\/li>\n<li class=\"page_item page-item-2113\"><a href=\"https:\/\/www.moncisa.com\/en\/ofertas-empleo\/oferta-de-empleo-ingeniero-oficina-tecnica-senior\/\">Oferta de Empleo &#8211; Ingeniero Oficina T\u00e9cnica Senior<\/a><\/li>\n<li class=\"page_item page-item-2092\"><a href=\"https:\/\/www.moncisa.com\/en\/ofertas-empleo\/oferta-de-empleo-tecnico-a-de-obra-montajes-electricos-meco-madrid\/\">Oferta de empleo &#8211; T\u00e9cnico\/a de obra montajes el\u00e9ctricos (Meco, Madrid)<\/a><\/li>\n<li class=\"page_item page-item-2084\"><a href=\"https:\/\/www.moncisa.com\/en\/ofertas-empleo\/oferta-de-empleo-tecnico-a-prl-montajes-electricos-meco-madrid\/\">Oferta de empleo &#8211; T\u00e9cnico\/a PRL montajes el\u00e9ctricos (Meco, Madrid)<\/a><\/li>\n<li class=\"page_item page-item-1970\"><a href=\"https:\/\/www.moncisa.com\/en\/ofertas-empleo\/oferta-de-empleo-oficial-de-telecomunicaciones-fo-electrico-asturias\/\">Oferta de empleo \u2013 Oficial de Telecomunicaciones (FO\/El\u00e9ctrico)  Asturias<\/a><\/li>\n<li class=\"page_item page-item-1682\"><a href=\"https:\/\/www.moncisa.com\/en\/ofertas-empleo\/oferta-de-empleo-mozo-de-almacen-meco\/\">Oferta de empleo &#8211; Operador Log\u00edstico de Almac\u00e9n (Meco)<\/a><\/li>\n<li class=\"page_item page-item-1787\"><a href=\"https:\/\/www.moncisa.com\/en\/ofertas-empleo\/oferta-de-empleo-oficiales-de-montajes-electricos-trabajos-en-tension\/\">Oferta de empleo &#8211; Oficiales de Montajes El\u00e9ctricos Trabajos en Tensi\u00f3n<\/a><\/li>\n<li class=\"page_item page-item-1798\"><a href=\"https:\/\/www.moncisa.com\/en\/ofertas-empleo\/oferta-de-empleo-oficial-de-fibra-optica-tenerife\/\">Oferta de empleo &#8211; Oficial de Fibra \u00d3ptica (Tenerife)<\/a><\/li>\n<li class=\"page_item page-item-1947\"><a href=\"https:\/\/www.moncisa.com\/en\/ofertas-empleo\/oferta-de-empleo-calderero-a-soldador-a\/\">Oferta de empleo &#8211; Calderero\/a &#8211; Soldador\/a<\/a><\/li>\n<\/ul><\/div><\/div> <div class=\"su-column su-column-size-1-4\"><div class=\"su-column-inner su-u-clearfix su-u-trim\"><span class=\"su-frame su-frame-align-right su-frame-style-default\"><span class=\"su-frame-inner\"><a href=\"http:\/\/www.moncisa.com\/wp-content\/uploads\/2014\/11\/2012-10-01-16.34.58.jpg\"><img loading=\"lazy\" decoding=\"async\" class=\"alignnone wp-image-63 size-thumbnail\" src=\"http:\/\/www.moncisa.com\/wp-content\/uploads\/2014\/11\/2012-10-01-16.34.58-150x150.jpg\" alt=\"\" width=\"150\" height=\"150\" \/><\/a><\/span><\/span><\/div><\/div><\/div>\n<a href=\"\/envio-de-cv\/\" class=\"su-button su-button-style-default\" style=\"color:#FFFFFF;background-color:#2873B9;border-color:#205c94;border-radius:6px\" target=\"_self\"><span style=\"color:#FFFFFF;padding:6px 18px;font-size:14px;line-height:21px;border-color:#699dce;border-radius:6px;text-shadow:none\"><i class=\"sui sui-envelope-o\" style=\"font-size:14px;color:#FFFFFF\"><\/i> Enviar CV<\/span><\/a>\n<h3>OFERTAS DE TRABAJO ANTERIORES<\/h3>\n<p>Estas son ofertas de empleo que ya no est\u00e1n activas, pero si te parece que podr\u00edan encajar en tu perfil env\u00edanos\u00a0tu CV para tenerte en cuenta en futuros procesos de selecci\u00f3n.<\/p>\n<ul>\n<li><a href=\"https:\/\/www.moncisa.com\/ofertas-empleo\/oferta-de-empleo-mozo-de-almacen-meco\/\">Marzo 2024: Oferta de empleo &#8211; Operador Log\u00edstico de Almac\u00e9n (Meco)<\/a><\/li>\n<li><a href=\"https:\/\/www.moncisa.com\/ofertas-empleo\/oferta-de-empleo-tecnico_a-gestion-administrativa-laboral\/\">Diciembre 2023: Oferta de Empleo &#8211; T\u00e9cnico\/a Gesti\u00f3n Administrativa Laboral (Asturias)<\/a><\/li>\n<li><a href=\"https:\/\/www.moncisa.com\/oferta-de-empleo-ingeniero-oficina-tecnica-2\/\">Diciembre 2023: Oferta de Empleo &#8211; Ingeniero Oficina T\u00e9cnica (Asturias)<\/a><\/li>\n<li><a href=\"http:\/\/www.moncisa.com\/oferta-de-empleo-oficial-de-telecomunicaciones-asturias-2\/\">Marzo 2022: Oferta de Empleo &#8211; Oficial de Telecomunicaciones (Asturias) <\/a><\/li>\n<li><a href=\"http:\/\/www.moncisa.com\/oferta-de-empleo-calderero-soldador-3\">Mayo 2021: Oferta de Empleo &#8211; Calderero\/Soldador<\/a><\/li>\n<li><a href=\"http:\/\/www.moncisa.com\/oferta-de-trabajo-oficial-de-telecomunicaciones\/\">Enero 2020: Oferta de Empleo &#8211; Oficial de Telecomunicaciones (Asturias)<\/a><\/li>\n<li><a href=\"http:\/\/www.moncisa.com\/oferta-de-empleo-oficial-de-telecomunicaciones-canarias\/\">Enero 2020: Oferta de Empleo &#8211; Oficial de Telecomunicaciones (Canarias)<\/a><\/li>\n<li><a href=\"http:\/\/www.moncisa.com\/oferta-de-empleo-calderero-soldador-2\/\">Diciembre 2019: Oferta de Empleo &#8211; Calderero \/ Soldador<\/a><\/li>\n<li><a href=\"http:\/\/www.moncisa.com\/oferta-de-empleo-auxiliar-administrativo-media-jornada-asturias\/\">Junio 2019: Oferta de Empleo Auxiliar Administrativo Media Jornada (Asturias)<\/a><\/li>\n<li><a href=\"http:\/\/www.moncisa.com\/ofertas-empleo\/oferta-de-trabajo-oficial-de-telecomunicaciones-valencia-murcia-madrid-asturias\/\">Mayo 2019: Oferta de Empleo Oficial de Telecomunicaciones<\/a><\/li>\n<li><a href=\"http:\/\/www.moncisa.com\/ofertas-empleo\/oferta-de-empleo-calderero-soldador\/\">Enero 2018: Oferta de Empleo Calderero \/ Soldador<\/a><\/li>\n<li><a href=\"http:\/\/www.moncisa.com\/ofertas-empleo\/oferta-de-empleo-ingeniero-oficina-tecnica\/\">Enero 2018: Oferta de Empleo Ingeniero Oficina T\u00e9cnica<\/a><\/li>\n<li><a title=\"Oferta de Empleo \u2013 Oficial de Montajes El\u00e9ctricos\u00a0(Valencia, Murcia, Madrid, Asturias)\" href=\"http:\/\/www.moncisa.com\/ofertas-empleo\/oferta-de-empleo-oficial-de-montajes-electricos-valencia-murcia-madrid-asturias\/\">Enero 2018:\u00a0Oferta de Empleo Oficial de Montajes El\u00e9ctricos (Valencia, Murcia, Madrid, Asturias)<\/a><\/li>\n<li><a title=\"Oferta de Empleo Enero 2018 \u2013 Oficial de Fibra \u00d3ptica \u2013 Canarias\" href=\"http:\/\/www.moncisa.com\/oferta-de-empleo-oficial-de-fibra-optica-canarias\/\">Enero 2018:\u00a0Oferta de Empleo Oficial de Fibra \u00d3ptica &#8211; Canarias<\/a><\/li>\n<li><a title=\"Oferta de empleo Agosto 2017 \u2013 Oficial de Telecomunicaciones\" href=\"http:\/\/www.moncisa.com\/oferta-de-empleo-agosto-2017-oficial-de-telecomunicaciones\/\">Agosto 2017: Oferta Trabajo Oficial de Telecomunicaciones<\/a><\/li>\n<li><a title=\"Oferta de empleo Abril 2017 \u2013 T\u00e9cnico en SST \/ T\u00e9cnico Formaci\u00f3n\" href=\"http:\/\/www.moncisa.com\/oferta-de-empleo-abril-2017-tecnico-en-sst-tecnico-formacion\/\">Abril 2017: Oferta de T\u00e9cnico en SST \/ T\u00e9cnico Formaci\u00f3n<\/a><\/li>\n<li><a title=\"Oferta de empleo Marzo 2017 \u2013 T\u00e9cnico de Almac\u00e9n\" href=\"http:\/\/www.moncisa.com\/oferta-de-empleo-marzo-2017-tecnico-de-almacen\/\">Marzo 2017: Oferta de T\u00e9cnico de Almac\u00e9n<\/a><\/li>\n<li><a title=\"Oferta de empleo Noviembre 2016 \u2013 Oferta de T\u00e9cnico en SST \/ T\u00e9cnico Formaci\u00f3n\" href=\"http:\/\/www.moncisa.com\/oferta-de-empleo-noviembre-2016-oferta-de-tecnico-en-sst-tecnico-formacion\/\">Noviembre 2016: Oferta de T\u00e9cnico en SST \/ T\u00e9cnico Formaci\u00f3n<\/a><\/li>\n<li><a title=\"Oferta de empleo Septiembre 2015 \u2013 Oficial de Telecomunicaciones\" href=\"http:\/\/www.moncisa.com\/oferta-de-empleo-septiembre-2017-oficial-de-telecomunicaciones\/\">Septiembre 2015: Oferta de Trabajo Oficial de Telecomunicaciones<\/a><\/li>\n<li><a title=\"Oferta de empleo Junio 2015 \u2013 Responsable de Almac\u00e9n\" href=\"http:\/\/www.moncisa.com\/oferta-de-empleo-junio-2015-responsable-de-almacen\/\">Junio 2015: Oferta de Empleo Responsable de Almac\u00e9n<\/a><\/li>\n<\/ul>\n","protected":false},"excerpt":{"rendered":"<p>OFERTAS DE EMPLEO ACTUALES OFERTAS DE TRABAJO ANTERIORES Estas son ofertas de empleo que ya no est\u00e1n activas, pero si te parece que podr\u00edan encajar en tu perfil env\u00edanos\u00a0tu CV para tenerte en cuenta en futuros procesos de selecci\u00f3n. Marzo&hellip; <\/p>\n","protected":false},"author":1,"featured_media":0,"parent":0,"menu_order":0,"comment_status":"closed","ping_status":"closed","template":"","meta":{"footnotes":""},"categories":[],"tags":[],"class_list":["post-992","page","type-page","status-publish","hentry"],"translation":{"provider":"WPGlobus","version":"3.0.2","language":"en","enabled_languages":["es","en"],"languages":{"es":{"title":true,"content":true,"excerpt":false},"en":{"title":false,"content":false,"excerpt":false}}},"_links":{"self":[{"href":"https:\/\/www.moncisa.com\/en\/wp-json\/wp\/v2\/pages\/992","targetHints":{"allow":["GET"]}}],"collection":[{"href":"https:\/\/www.moncisa.com\/en\/wp-json\/wp\/v2\/pages"}],"about":[{"href":"https:\/\/www.moncisa.com\/en\/wp-json\/wp\/v2\/types\/page"}],"author":[{"embeddable":true,"href":"https:\/\/www.moncisa.com\/en\/wp-json\/wp\/v2\/users\/1"}],"replies":[{"embeddable":true,"href":"https:\/\/www.moncisa.com\/en\/wp-json\/wp\/v2\/comments?post=992"}],"version-history":[{"count":91,"href":"https:\/\/www.moncisa.com\/en\/wp-json\/wp\/v2\/pages\/992\/revisions"}],"predecessor-version":[{"id":2165,"href":"https:\/\/www.moncisa.com\/en\/wp-json\/wp\/v2\/pages\/992\/revisions\/2165"}],"wp:attachment":[{"href":"https:\/\/www.moncisa.com\/en\/wp-json\/wp\/v2\/media?parent=992"}],"wp:term":[{"taxonomy":"category","embeddable":true,"href":"https:\/\/www.moncisa.com\/en\/wp-json\/wp\/v2\/categories?post=992"},{"taxonomy":"post_tag","embeddable":true,"href":"https:\/\/www.moncisa.com\/en\/wp-json\/wp\/v2\/tags?post=992"}],"curies":[{"name":"wp","href":"https:\/\/api.w.org\/{rel}","templated":true}]}}

<h3>OFERTAS DE EMPLEO ACTUALES</h3>
<div class="su-row"><div class="su-column su-column-size-3-4"><div class="su-column-inner su-u-clearfix su-u-trim">En este momento tenemos abiertas las siguientes ofertas de empleo:</p>
<ul class="su-subpages"><li class="page_item page-item-2118"><a href="https://www.moncisa.com/en/ofertas-empleo/oferta-de-empleo-ingeniero-oficina-tecnica-junior/">Oferta de Empleo &#8211; Ingeniero Oficina Técnica Junior</a></li>
<li class="page_item page-item-2113"><a href="https://www.moncisa.com/en/ofertas-empleo/oferta-de-empleo-ingeniero-oficina-tecnica-senior/">Oferta de Empleo &#8211; Ingeniero Oficina Técnica Senior</a></li>
<li class="page_item page-item-2092"><a href="https://www.moncisa.com/en/ofertas-empleo/oferta-de-empleo-tecnico-a-de-obra-montajes-electricos-meco-madrid/">Oferta de empleo &#8211; Técnico/a de obra montajes eléctricos (Meco, Madrid)</a></li>
<li class="page_item page-item-2084"><a href="https://www.moncisa.com/en/ofertas-empleo/oferta-de-empleo-tecnico-a-prl-montajes-electricos-meco-madrid/">Oferta de empleo &#8211; Técnico/a PRL montajes eléctricos (Meco, Madrid)</a></li>
<li class="page_item page-item-1970"><a href="https://www.moncisa.com/en/ofertas-empleo/oferta-de-empleo-oficial-de-telecomunicaciones-fo-electrico-asturias/">Oferta de empleo – Oficial de Telecomunicaciones (FO/Eléctrico)  Asturias</a></li>
<li class="page_item page-item-1682"><a href="https://www.moncisa.com/en/ofertas-empleo/oferta-de-empleo-mozo-de-almacen-meco/">Oferta de empleo &#8211; Operador Logístico de Almacén (Meco)</a></li>
<li class="page_item page-item-1787"><a href="https://www.moncisa.com/en/ofertas-empleo/oferta-de-empleo-oficiales-de-montajes-electricos-trabajos-en-tension/">Oferta de empleo &#8211; Oficiales de Montajes Eléctricos Trabajos en Tensión</a></li>
<li class="page_item page-item-1798"><a href="https://www.moncisa.com/en/ofertas-empleo/oferta-de-empleo-oficial-de-fibra-optica-tenerife/">Oferta de empleo &#8211; Oficial de Fibra Óptica (Tenerife)</a></li>
<li class="page_item page-item-1947"><a href="https://www.moncisa.com/en/ofertas-empleo/oferta-de-empleo-calderero-a-soldador-a/">Oferta de empleo &#8211; Calderero/a &#8211; Soldador/a</a></li>
</ul></div></div> <div class="su-column su-column-size-1-4"><div class="su-column-inner su-u-clearfix su-u-trim"><span class="su-frame su-frame-align-right su-frame-style-default"><span class="su-frame-inner"><a href="http://www.moncisa.com/wp-content/uploads/2014/11/2012-10-01-16.34.58.jpg"><img loading="lazy" decoding="async" class="alignnone wp-image-63 size-thumbnail" src="http://www.moncisa.com/wp-content/uploads/2014/11/2012-10-01-16.34.58-150x150.jpg" alt="" width="150" height="150" /></a></span></span></div></div></div>
<a href="/envio-de-cv/" class="su-button su-button-style-default" style="color:#FFFFFF;background-color:#2873B9;border-color:#205c94;border-radius:6px" target="_self"><span style="color:#FFFFFF;padding:6px 18px;font-size:14px;line-height:21px;border-color:#699dce;border-radius:6px;text-shadow:none"><i class="sui sui-envelope-o" style="font-size:14px;color:#FFFFFF"></i> Enviar CV</span></a>
<h3>OFERTAS DE TRABAJO ANTERIORES</h3>
<p>Estas son ofertas de empleo que ya no están activas, pero si te parece que podrían encajar en tu perfil envíanos tu CV para tenerte en cuenta en futuros procesos de selección.</p>
<ul>
<li><a href="https://www.moncisa.com/ofertas-empleo/oferta-de-empleo-mozo-de-almacen-meco/">Marzo 2024: Oferta de empleo &#8211; Operador Logístico de Almacén (Meco)</a></li>
<li><a href="https://www.moncisa.com/ofertas-empleo/oferta-de-empleo-tecnico_a-gestion-administrativa-laboral/">Diciembre 2023: Oferta de Empleo &#8211; Técnico/a Gestión Administrativa Laboral (Asturias)</a></li>
<li><a href="https://www.moncisa.com/oferta-de-empleo-ingeniero-oficina-tecnica-2/">Diciembre 2023: Oferta de Empleo &#8211; Ingeniero Oficina Técnica (Asturias)</a></li>
<li><a href="http://www.moncisa.com/oferta-de-empleo-oficial-de-telecomunicaciones-asturias-2/">Marzo 2022: Oferta de Empleo &#8211; Oficial de Telecomunicaciones (Asturias) </a></li>
<li><a href="http://www.moncisa.com/oferta-de-empleo-calderero-soldador-3">Mayo 2021: Oferta de Empleo &#8211; Calderero/Soldador</a></li>
<li><a href="http://www.moncisa.com/oferta-de-trabajo-oficial-de-telecomunicaciones/">Enero 2020: Oferta de Empleo &#8211; Oficial de Telecomunicaciones (Asturias)</a></li>
<li><a href="http://www.moncisa.com/oferta-de-empleo-oficial-de-telecomunicaciones-canarias/">Enero 2020: Oferta de Empleo &#8211; Oficial de Telecomunicaciones (Canarias)</a></li>
<li><a href="http://www.moncisa.com/oferta-de-empleo-calderero-soldador-2/">Diciembre 2019: Oferta de Empleo &#8211; Calderero / Soldador</a></li>
<li><a href="http://www.moncisa.com/oferta-de-empleo-auxiliar-administrativo-media-jornada-asturias/">Junio 2019: Oferta de Empleo Auxiliar Administrativo Media Jornada (Asturias)</a></li>
<li><a href="http://www.moncisa.com/ofertas-empleo/oferta-de-trabajo-oficial-de-telecomunicaciones-valencia-murcia-madrid-asturias/">Mayo 2019: Oferta de Empleo Oficial de Telecomunicaciones</a></li>
<li><a href="http://www.moncisa.com/ofertas-empleo/oferta-de-empleo-calderero-soldador/">Enero 2018: Oferta de Empleo Calderero / Soldador</a></li>
<li><a href="http://www.moncisa.com/ofertas-empleo/oferta-de-empleo-ingeniero-oficina-tecnica/">Enero 2018: Oferta de Empleo Ingeniero Oficina Técnica</a></li>
<li><a title="Oferta de Empleo – Oficial de Montajes Eléctricos (Valencia, Murcia, Madrid, Asturias)" href="http://www.moncisa.com/ofertas-empleo/oferta-de-empleo-oficial-de-montajes-electricos-valencia-murcia-madrid-asturias/">Enero 2018: Oferta de Empleo Oficial de Montajes Eléctricos (Valencia, Murcia, Madrid, Asturias)</a></li>
<li><a title="Oferta de Empleo Enero 2018 – Oficial de Fibra Óptica – Canarias" href="http://www.moncisa.com/oferta-de-empleo-oficial-de-fibra-optica-canarias/">Enero 2018: Oferta de Empleo Oficial de Fibra Óptica &#8211; Canarias</a></li>
<li><a title="Oferta de empleo Agosto 2017 – Oficial de Telecomunicaciones" href="http://www.moncisa.com/oferta-de-empleo-agosto-2017-oficial-de-telecomunicaciones/">Agosto 2017: Oferta Trabajo Oficial de Telecomunicaciones</a></li>
<li><a title="Oferta de empleo Abril 2017 – Técnico en SST / Técnico Formación" href="http://www.moncisa.com/oferta-de-empleo-abril-2017-tecnico-en-sst-tecnico-formacion/">Abril 2017: Oferta de Técnico en SST / Técnico Formación</a></li>
<li><a title="Oferta de empleo Marzo 2017 – Técnico de Almacén" href="http://www.moncisa.com/oferta-de-empleo-marzo-2017-tecnico-de-almacen/">Marzo 2017: Oferta de Técnico de Almacén</a></li>
<li><a title="Oferta de empleo Noviembre 2016 – Oferta de Técnico en SST / Técnico Formación" href="http://www.moncisa.com/oferta-de-empleo-noviembre-2016-oferta-de-tecnico-en-sst-tecnico-formacion/">Noviembre 2016: Oferta de Técnico en SST / Técnico Formación</a></li>
<li><a title="Oferta de empleo Septiembre 2015 – Oficial de Telecomunicaciones" href="http://www.moncisa.com/oferta-de-empleo-septiembre-2017-oficial-de-telecomunicaciones/">Septiembre 2015: Oferta de Trabajo Oficial de Telecomunicaciones</a></li>
<li><a title="Oferta de empleo Junio 2015 – Responsable de Almacén" href="http://www.moncisa.com/oferta-de-empleo-junio-2015-responsable-de-almacen/">Junio 2015: Oferta de Empleo Responsable de Almacén</a></li>
</ul>

<p>OFERTAS DE EMPLEO ACTUALES OFERTAS DE TRABAJO ANTERIORES Estas son ofertas de empleo que ya no están activas, pero si te parece que podrían encajar en tu perfil envíanos tu CV para tenerte en cuenta en futuros procesos de selección. Marzo&hellip; </p>
