{"id":59,"date":"2014-11-10T09:36:04","date_gmt":"2014-11-10T09:36:04","guid":{"rendered":"http:\/\/192.168.10.50\/wordpress\/?page_id=59"},"modified":"2015-02-06T09:10:48","modified_gmt":"2015-02-06T09:10:48","slug":"proyecto-1","status":"publish","type":"page","link":"https:\/\/www.moncisa.com\/en\/trabajos\/experiencia\/proyecto-1\/","title":{"rendered":"Alta de Abonado Red FTTH de Telecable"},"content":{"rendered":"<p>Servicio de instalaci\u00f3n de abonado FTTH de Telecable, realizado sobre la red Asturc\u00f3n de fibra \u00f3ptica, gestionada por el GIT del Principado de Asturias<\/p>\n<p>Experiencia:<span class=\"su-frame su-frame-align-right su-frame-style-default\"><span class=\"su-frame-inner\"><a href=\"http:\/\/www.moncisa.com\/wp-content\/uploads\/2014\/11\/ALTA-DE-ABONADO-RED-FTTH-DE-TELECABLE.jpg\"><img loading=\"lazy\" decoding=\"async\" class=\"alignnone  wp-image-626\" src=\"http:\/\/www.moncisa.com\/wp-content\/uploads\/2014\/11\/ALTA-DE-ABONADO-RED-FTTH-DE-TELECABLE.jpg\" alt=\"ALTA DE ABONADO RED FTTH DE TELECABLE\" width=\"501\" height=\"375\" \/><\/a><\/span><\/span>\n<ul>\n<li>Desde 2005<\/li>\n<\/ul>\n<p>Herramienta espec\u00edfica:<\/p>\n<ul>\n<li>Todos los t\u00e9cnicos cuentan con veh\u00edculo propio, PC port\u00e1til, taladro percutor, comprobador UTP, pol\u00edmetro, as\u00ed como otra peque\u00f1a herramienta.<\/li>\n<\/ul>\n<p>Clientes:<\/p>\n<ul>\n<li>Se cubre el servicio de cualquier cliente, desde residenciales hasta PYMEs y Grandes Cuentas<\/li>\n<\/ul>\n<p>Servicios instalados:<\/p>\n<ul>\n<li>Televisi\u00f3n por cable<\/li>\n<li>Decodificador TEDI de Telecable<\/li>\n<li>Moduladores, amplificadores de interior<\/li>\n<li>Telefon\u00eda fija<\/li>\n<li>Internet (por cable, inal\u00e1mbrico o 3G)<\/li>\n<li>Configuraci\u00f3n de routers y dispositivos de red (repetidores WIFI, PLCs, etc)<\/li>\n<\/ul>\n<p>&nbsp;<\/p>\n","protected":false},"excerpt":{"rendered":"<p>Servicio de instalaci\u00f3n de abonado FTTH de Telecable, realizado sobre la red Asturc\u00f3n de fibra \u00f3ptica, gestionada por el GIT del Principado de Asturias Experiencia: Desde 2005 Herramienta espec\u00edfica: Todos los t\u00e9cnicos cuentan con veh\u00edculo propio, PC port\u00e1til, taladro percutor,&hellip; <\/p>\n","protected":false},"author":1,"featured_media":626,"parent":41,"menu_order":0,"comment_status":"closed","ping_status":"closed","template":"","meta":{"footnotes":""},"categories":[6],"tags":[],"class_list":["post-59","page","type-page","status-publish","has-post-thumbnail","hentry","category-experiencia-telecomunicaciones"],"translation":{"provider":"WPGlobus","version":"3.0.2","language":"en","enabled_languages":["es","en"],"languages":{"es":{"title":true,"content":true,"excerpt":false},"en":{"title":false,"content":false,"excerpt":false}}},"_links":{"self":[{"href":"https:\/\/www.moncisa.com\/en\/wp-json\/wp\/v2\/pages\/59","targetHints":{"allow":["GET"]}}],"collection":[{"href":"https:\/\/www.moncisa.com\/en\/wp-json\/wp\/v2\/pages"}],"about":[{"href":"https:\/\/www.moncisa.com\/en\/wp-json\/wp\/v2\/types\/page"}],"author":[{"embeddable":true,"href":"https:\/\/www.moncisa.com\/en\/wp-json\/wp\/v2\/users\/1"}],"replies":[{"embeddable":true,"href":"https:\/\/www.moncisa.com\/en\/wp-json\/wp\/v2\/comments?post=59"}],"version-history":[{"count":8,"href":"https:\/\/www.moncisa.com\/en\/wp-json\/wp\/v2\/pages\/59\/revisions"}],"predecessor-version":[{"id":852,"href":"https:\/\/www.moncisa.com\/en\/wp-json\/wp\/v2\/pages\/59\/revisions\/852"}],"up":[{"embeddable":true,"href":"https:\/\/www.moncisa.com\/en\/wp-json\/wp\/v2\/pages\/41"}],"wp:featuredmedia":[{"embeddable":true,"href":"https:\/\/www.moncisa.com\/en\/wp-json\/wp\/v2\/media\/626"}],"wp:attachment":[{"href":"https:\/\/www.moncisa.com\/en\/wp-json\/wp\/v2\/media?parent=59"}],"wp:term":[{"taxonomy":"category","embeddable":true,"href":"https:\/\/www.moncisa.com\/en\/wp-json\/wp\/v2\/categories?post=59"},{"taxonomy":"post_tag","embeddable":true,"href":"https:\/\/www.moncisa.com\/en\/wp-json\/wp\/v2\/tags?post=59"}],"curies":[{"name":"wp","href":"https:\/\/api.w.org\/{rel}","templated":true}]}}

<p>Servicio de instalación de abonado FTTH de Telecable, realizado sobre la red Asturcón de fibra óptica, gestionada por el GIT del Principado de Asturias</p>
<p>Experiencia:<span class="su-frame su-frame-align-right su-frame-style-default"><span class="su-frame-inner"><a href="http://www.moncisa.com/wp-content/uploads/2014/11/ALTA-DE-ABONADO-RED-FTTH-DE-TELECABLE.jpg"><img loading="lazy" decoding="async" class="alignnone  wp-image-626" src="http://www.moncisa.com/wp-content/uploads/2014/11/ALTA-DE-ABONADO-RED-FTTH-DE-TELECABLE.jpg" alt="ALTA DE ABONADO RED FTTH DE TELECABLE" width="501" height="375" /></a></span></span>
<ul>
<li>Desde 2005</li>
</ul>
<p>Herramienta específica:</p>
<ul>
<li>Todos los técnicos cuentan con vehículo propio, PC portátil, taladro percutor, comprobador UTP, polímetro, así como otra pequeña herramienta.</li>
</ul>
<p>Clientes:</p>
<ul>
<li>Se cubre el servicio de cualquier cliente, desde residenciales hasta PYMEs y Grandes Cuentas</li>
</ul>
<p>Servicios instalados:</p>
<ul>
<li>Televisión por cable</li>
<li>Decodificador TEDI de Telecable</li>
<li>Moduladores, amplificadores de interior</li>
<li>Telefonía fija</li>
<li>Internet (por cable, inalámbrico o 3G)</li>
<li>Configuración de routers y dispositivos de red (repetidores WIFI, PLCs, etc)</li>
</ul>
<p>&nbsp;</p>

<p>Servicio de instalación de abonado FTTH de Telecable, realizado sobre la red Asturcón de fibra óptica, gestionada por el GIT del Principado de Asturias Experiencia: Desde 2005 Herramienta específica: Todos los técnicos cuentan con vehículo propio, PC portátil, taladro percutor,&hellip; </p>
